{"id":2570,"date":"2024-03-17T18:11:40","date_gmt":"2024-03-17T17:11:40","guid":{"rendered":"https:\/\/laboutiquemcg.com\/?page_id=2570"},"modified":"2024-08-26T17:24:12","modified_gmt":"2024-08-26T15:24:12","slug":"nytrolia","status":"publish","type":"page","link":"https:\/\/laboutiquemcg.com\/index.php\/nytrolia\/","title":{"rendered":"Nytr\u00f6lia"},"content":{"rendered":"\n<h2 class=\"wp-block-heading\">S\u0153ur jumelle de LaBoutiqueMCG, Nytr\u00f6lia est notre marque tr\u00e8s haut de gamme. Con\u00e7ue pour avoir un style qui vous ressemble, nous vous proposons gr\u00e2ce \u00e0 elle, des produits premium, d&rsquo;une tr\u00e8s haute qualit\u00e9. L\u00e0 ou LaBoutiqueMCG vous promet et vous garanti des produits de haute qualit\u00e9, Nytr\u00f6lia, quand \u00e0 elle, place la barre encore plus haute, car vous le valez bien.<\/h2>\n\n\n\n<h3 class=\"wp-block-heading\">Pour acc\u00e9der \u00e0 Nytr\u00f6lia<\/h3>\n\n\n\n<div class=\"wp-block-buttons is-layout-flex wp-block-buttons-is-layout-flex\">\n<div class=\"wp-block-button\"><a class=\"wp-block-button__link wp-element-button\" href=\"https:\/\/nytrolia.com\/\">Cliquez-ici<\/a><\/div>\n<\/div>\n","protected":false},"excerpt":{"rendered":"<p>S\u0153ur jumelle de LaBoutiqueMCG, Nytr\u00f6lia est notre marque tr\u00e8s haut de gamme. Con\u00e7ue pour avoir un style qui vous ressemble, nous vous proposons gr\u00e2ce \u00e0 elle, des produits premium, d&rsquo;une tr\u00e8s haute qualit\u00e9. L\u00e0 ou LaBoutiqueMCG vous promet et vous garanti des produits de haute qualit\u00e9, Nytr\u00f6lia, quand \u00e0 elle, place la barre encore plus [&hellip;]<\/p>\n","protected":false},"author":1,"featured_media":0,"parent":0,"menu_order":0,"comment_status":"closed","ping_status":"closed","template":"","meta":{"footnotes":""},"class_list":["post-2570","page","type-page","status-publish","hentry"],"_links":{"self":[{"href":"https:\/\/laboutiquemcg.com\/index.php\/wp-json\/wp\/v2\/pages\/2570","targetHints":{"allow":["GET"]}}],"collection":[{"href":"https:\/\/laboutiquemcg.com\/index.php\/wp-json\/wp\/v2\/pages"}],"about":[{"href":"https:\/\/laboutiquemcg.com\/index.php\/wp-json\/wp\/v2\/types\/page"}],"author":[{"embeddable":true,"href":"https:\/\/laboutiquemcg.com\/index.php\/wp-json\/wp\/v2\/users\/1"}],"replies":[{"embeddable":true,"href":"https:\/\/laboutiquemcg.com\/index.php\/wp-json\/wp\/v2\/comments?post=2570"}],"version-history":[{"count":2,"href":"https:\/\/laboutiquemcg.com\/index.php\/wp-json\/wp\/v2\/pages\/2570\/revisions"}],"predecessor-version":[{"id":7506,"href":"https:\/\/laboutiquemcg.com\/index.php\/wp-json\/wp\/v2\/pages\/2570\/revisions\/7506"}],"wp:attachment":[{"href":"https:\/\/laboutiquemcg.com\/index.php\/wp-json\/wp\/v2\/media?parent=2570"}],"curies":[{"name":"wp","href":"https:\/\/api.w.org\/{rel}","templated":true}]}}