{"id":8858,"date":"2025-04-04T07:55:37","date_gmt":"2025-04-04T05:55:37","guid":{"rendered":"https:\/\/laboutiquemcg.com\/?page_id=8858"},"modified":"2025-08-11T10:37:39","modified_gmt":"2025-08-11T08:37:39","slug":"maintenance","status":"publish","type":"page","link":"https:\/\/laboutiquemcg.com\/index.php\/maintenance\/","title":{"rendered":"Maintenance"},"content":{"rendered":"\n<h2 class=\"wp-block-heading\">Bonjour \u00e0 tous, suite \u00e0 une panne totale de notre serveur mail, nous sommes injoignable par ce moyen actuellement. Nous mettons tout en \u0153uvre afin de r\u00e9tablir les syst\u00e8mes le plus rapidement possible. Nous restons toutefois \u00e0 votre \u00e9coute via nos r\u00e9seaux sociaux, disponibles depuis la cat\u00e9gorie \u00ab\u00a0Nos R\u00e9seaux\u00a0\u00bb du menu. Nous nous excusons pour la g\u00e8ne occasionn\u00e9e et vous remercions pour votre compression<\/h2>\n","protected":false},"excerpt":{"rendered":"<p>Bonjour \u00e0 tous, suite \u00e0 une panne totale de notre serveur mail, nous sommes injoignable par ce moyen actuellement. Nous mettons tout en \u0153uvre afin de r\u00e9tablir les syst\u00e8mes le plus rapidement possible. Nous restons toutefois \u00e0 votre \u00e9coute via nos r\u00e9seaux sociaux, disponibles depuis la cat\u00e9gorie \u00ab\u00a0Nos R\u00e9seaux\u00a0\u00bb du menu. Nous nous excusons pour [&hellip;]<\/p>\n","protected":false},"author":1,"featured_media":0,"parent":0,"menu_order":0,"comment_status":"closed","ping_status":"closed","template":"","meta":{"footnotes":""},"class_list":["post-8858","page","type-page","status-publish","hentry"],"_links":{"self":[{"href":"https:\/\/laboutiquemcg.com\/index.php\/wp-json\/wp\/v2\/pages\/8858","targetHints":{"allow":["GET"]}}],"collection":[{"href":"https:\/\/laboutiquemcg.com\/index.php\/wp-json\/wp\/v2\/pages"}],"about":[{"href":"https:\/\/laboutiquemcg.com\/index.php\/wp-json\/wp\/v2\/types\/page"}],"author":[{"embeddable":true,"href":"https:\/\/laboutiquemcg.com\/index.php\/wp-json\/wp\/v2\/users\/1"}],"replies":[{"embeddable":true,"href":"https:\/\/laboutiquemcg.com\/index.php\/wp-json\/wp\/v2\/comments?post=8858"}],"version-history":[{"count":3,"href":"https:\/\/laboutiquemcg.com\/index.php\/wp-json\/wp\/v2\/pages\/8858\/revisions"}],"predecessor-version":[{"id":8909,"href":"https:\/\/laboutiquemcg.com\/index.php\/wp-json\/wp\/v2\/pages\/8858\/revisions\/8909"}],"wp:attachment":[{"href":"https:\/\/laboutiquemcg.com\/index.php\/wp-json\/wp\/v2\/media?parent=8858"}],"curies":[{"name":"wp","href":"https:\/\/api.w.org\/{rel}","templated":true}]}}