{"id":4326,"date":"2024-07-06T15:47:44","date_gmt":"2024-07-06T13:47:44","guid":{"rendered":"https:\/\/laboutiquemcg.com\/index.php\/produit\/sweatshirt-femme-n3wline\/"},"modified":"2024-10-24T12:40:25","modified_gmt":"2024-10-24T10:40:25","slug":"sweatshirt-femme-n3wline","status":"publish","type":"product","link":"https:\/\/laboutiquemcg.com\/index.php\/produit\/sweatshirt-femme-n3wline\/","title":{"rendered":"Sweatshirt femme N3wLine"},"content":{"rendered":"<p>Un sweat-shirt robuste et chaud qui vous gardera au chaud pendant les mois les plus froids. Un pull \u00e0 coupe classique pr\u00e9r\u00e9tr\u00e9ci qui est fabriqu\u00e9 avec un fil fil\u00e9 par jet d&rsquo;air pour une sensation de douceur.<\/p>\n<p>\u2022 50\u00a0%\u00a0de coton, 50\u00a0% de polyester<br \/>\n\u2022 Pr\u00e9r\u00e9tr\u00e9ci<br \/>\n\u2022 Coupe classique<br \/>\n\u2022 Col athl\u00e9tique c\u00f4tel\u00e9 1&#215;1 avec spandex<br \/>\n\u2022 Fil fil\u00e9 par jet d&rsquo;air au toucher doux<br \/>\n\u2022 Col, \u00e9paules, emmanchures, poignets et ourlet cousus avec couture double<\/p>\n<p>\u2022 Tra\u00e7abilit\u00e9\u00a0:<br \/>\n&#8211; Tricot\u00a0: Honduras, Bangladesh<br \/>\n&#8211; Teinture\u00a0: Honduras, Bangladesh<br \/>\n&#8211; Fabrication : Nicaragua, Honduras, Bangladesh ou El Salvador<br \/>\n\u2022 Contient 0\u00a0% de polyester recycl\u00e9<br \/>\n\u2022 Contient 0\u00a0% de substances dangereuses<br \/>\n\u2022 Cet article lib\u00e8re des microfibres en plastique dans l&rsquo;environnement pendant le lavage<\/p>\n","protected":false},"excerpt":{"rendered":"<p>Un sweat-shirt robuste et chaud qui vous gardera au chaud pendant les mois les plus froids. Un pull \u00e0 coupe classique pr\u00e9r\u00e9tr\u00e9ci qui est fabriqu\u00e9 avec un fil fil\u00e9 par jet d&rsquo;air pour une sensation de douceur. \u2022 50\u00a0%\u00a0de coton, 50\u00a0% de polyester \u2022 Pr\u00e9r\u00e9tr\u00e9ci \u2022 Coupe classique \u2022 Col athl\u00e9tique c\u00f4tel\u00e9 1&#215;1 avec spandex [&hellip;]<\/p>\n","protected":false},"featured_media":4424,"comment_status":"open","ping_status":"closed","template":"","meta":[],"product_brand":[],"product_cat":[55],"product_tag":[],"class_list":{"0":"post-4326","1":"product","2":"type-product","3":"status-publish","4":"has-post-thumbnail","6":"product_cat-sweatshirts","8":"first","9":"instock","10":"taxable","11":"shipping-taxable","12":"purchasable","13":"product-type-variable"},"_links":{"self":[{"href":"https:\/\/laboutiquemcg.com\/index.php\/wp-json\/wp\/v2\/product\/4326","targetHints":{"allow":["GET"]}}],"collection":[{"href":"https:\/\/laboutiquemcg.com\/index.php\/wp-json\/wp\/v2\/product"}],"about":[{"href":"https:\/\/laboutiquemcg.com\/index.php\/wp-json\/wp\/v2\/types\/product"}],"replies":[{"embeddable":true,"href":"https:\/\/laboutiquemcg.com\/index.php\/wp-json\/wp\/v2\/comments?post=4326"}],"version-history":[{"count":2,"href":"https:\/\/laboutiquemcg.com\/index.php\/wp-json\/wp\/v2\/product\/4326\/revisions"}],"predecessor-version":[{"id":7556,"href":"https:\/\/laboutiquemcg.com\/index.php\/wp-json\/wp\/v2\/product\/4326\/revisions\/7556"}],"wp:featuredmedia":[{"embeddable":true,"href":"https:\/\/laboutiquemcg.com\/index.php\/wp-json\/wp\/v2\/media\/4424"}],"wp:attachment":[{"href":"https:\/\/laboutiquemcg.com\/index.php\/wp-json\/wp\/v2\/media?parent=4326"}],"wp:term":[{"taxonomy":"product_brand","embeddable":true,"href":"https:\/\/laboutiquemcg.com\/index.php\/wp-json\/wp\/v2\/product_brand?post=4326"},{"taxonomy":"product_cat","embeddable":true,"href":"https:\/\/laboutiquemcg.com\/index.php\/wp-json\/wp\/v2\/product_cat?post=4326"},{"taxonomy":"product_tag","embeddable":true,"href":"https:\/\/laboutiquemcg.com\/index.php\/wp-json\/wp\/v2\/product_tag?post=4326"}],"curies":[{"name":"wp","href":"https:\/\/api.w.org\/{rel}","templated":true}]}}