{"id":5911,"date":"2024-07-06T17:22:45","date_gmt":"2024-07-06T15:22:45","guid":{"rendered":"https:\/\/laboutiquemcg.com\/index.php\/produit\/pantalon-homme-alluauto-noir-et-blanc\/"},"modified":"2025-06-27T11:03:02","modified_gmt":"2025-06-27T09:03:02","slug":"pantalon-homme-alluauto-noir-et-blanc","status":"publish","type":"product","link":"https:\/\/laboutiquemcg.com\/index.php\/produit\/pantalon-homme-alluauto-noir-et-blanc\/","title":{"rendered":"Pantalon homme AlluAuto noir et blanc"},"content":{"rendered":"<p>Obtenez le confort de pyjamas dans ce pantalon large \u00e9l\u00e9gant pantalon. Avec la taille r\u00e9glable et le tissu extensible, il est comme votre pantalon de surv\u00eatement pr\u00e9f\u00e9r\u00e9 mais en mieux.<\/p>\n<p>\u2022 Coupe unisexe d\u00e9contract\u00e9e<br \/>\n\u2022 Poches lat\u00e9rales pratiques<br \/>\n\u2022 Ceinture \u00e9lastique avec un cordon blanc<br \/>\n\u2022 Peut \u00eatre port\u00e9 \u00e0 la taille ou sur les hanches<br \/>\n\u2022 Maille jersey en tricot moyen Premium<br \/>\n\u2022 95\u00a0%\u00a0de polyester, 5\u00a0% d&rsquo;\u00e9lasthanne (la composition du tissu peut varier de 1\u00a0%)<br \/>\n\u2022 Poids du tissu\u00a0:\u00a0210\u00a0g\/m\u00b2 (6,19\u00a0oz\/yd\u00b2) (le poids peut varier de 5\u00a0%)<\/p>\n<p>\u2022 Tra\u00e7abilit\u00e9\u00a0:<br \/>\n&#8211; Tricotage\u00a0: Chine<br \/>\n&#8211; Teinture\u00a0: Chine<br \/>\n&#8211; Fabrication\u00a0: Lettonie<br \/>\n\u2022 Comprend 95\u00a0% de polyester recycl\u00e9<br \/>\n\u2022 Comprend 0\u00a0% de substances dangereuses<br \/>\n\u2022 Cet article lib\u00e8re des microfibres en plastique dans l&rsquo;environnement pendant le lavage<\/p>\n","protected":false},"excerpt":{"rendered":"<p>Obtenez le confort de pyjamas dans ce pantalon large \u00e9l\u00e9gant pantalon. Avec la taille r\u00e9glable et le tissu extensible, il est comme votre pantalon de surv\u00eatement pr\u00e9f\u00e9r\u00e9 mais en mieux. \u2022 Coupe unisexe d\u00e9contract\u00e9e \u2022 Poches lat\u00e9rales pratiques \u2022 Ceinture \u00e9lastique avec un cordon blanc \u2022 Peut \u00eatre port\u00e9 \u00e0 la taille ou sur les [&hellip;]<\/p>\n","protected":false},"featured_media":5923,"comment_status":"open","ping_status":"closed","template":"","meta":[],"product_brand":[],"product_cat":[40,77],"product_tag":[],"class_list":{"0":"post-5911","1":"product","2":"type-product","3":"status-publish","4":"has-post-thumbnail","6":"product_cat-pantalon","7":"product_cat-promotions","9":"first","10":"instock","11":"sale","12":"taxable","13":"shipping-taxable","14":"purchasable","15":"product-type-variable"},"_links":{"self":[{"href":"https:\/\/laboutiquemcg.com\/index.php\/wp-json\/wp\/v2\/product\/5911","targetHints":{"allow":["GET"]}}],"collection":[{"href":"https:\/\/laboutiquemcg.com\/index.php\/wp-json\/wp\/v2\/product"}],"about":[{"href":"https:\/\/laboutiquemcg.com\/index.php\/wp-json\/wp\/v2\/types\/product"}],"replies":[{"embeddable":true,"href":"https:\/\/laboutiquemcg.com\/index.php\/wp-json\/wp\/v2\/comments?post=5911"}],"version-history":[{"count":3,"href":"https:\/\/laboutiquemcg.com\/index.php\/wp-json\/wp\/v2\/product\/5911\/revisions"}],"predecessor-version":[{"id":7421,"href":"https:\/\/laboutiquemcg.com\/index.php\/wp-json\/wp\/v2\/product\/5911\/revisions\/7421"}],"wp:featuredmedia":[{"embeddable":true,"href":"https:\/\/laboutiquemcg.com\/index.php\/wp-json\/wp\/v2\/media\/5923"}],"wp:attachment":[{"href":"https:\/\/laboutiquemcg.com\/index.php\/wp-json\/wp\/v2\/media?parent=5911"}],"wp:term":[{"taxonomy":"product_brand","embeddable":true,"href":"https:\/\/laboutiquemcg.com\/index.php\/wp-json\/wp\/v2\/product_brand?post=5911"},{"taxonomy":"product_cat","embeddable":true,"href":"https:\/\/laboutiquemcg.com\/index.php\/wp-json\/wp\/v2\/product_cat?post=5911"},{"taxonomy":"product_tag","embeddable":true,"href":"https:\/\/laboutiquemcg.com\/index.php\/wp-json\/wp\/v2\/product_tag?post=5911"}],"curies":[{"name":"wp","href":"https:\/\/api.w.org\/{rel}","templated":true}]}}