{"id":7344,"date":"2024-07-06T18:57:37","date_gmt":"2024-07-06T16:57:37","guid":{"rendered":"https:\/\/laboutiquemcg.com\/index.php\/produit\/sac-mcg\/"},"modified":"2025-01-01T13:34:29","modified_gmt":"2025-01-01T12:34:29","slug":"sac-mcg","status":"publish","type":"product","link":"https:\/\/laboutiquemcg.com\/index.php\/produit\/sac-mcg\/","title":{"rendered":"Sac MCG"},"content":{"rendered":"<p>Conservez votre style et ayez les mains libres avec notre sac en bandouli\u00e8re polyvalent. Il est fabriqu\u00e9 en faux cuir premium et les pi\u00e8ces de mat\u00e9riel sont gris fonc\u00e9. Gr\u00e2ce \u00e0 la fermeture \u00e0 glissi\u00e8re et \u00e0 de multiples poches int\u00e9rieures, vous pouvez garder vos essentiels en s\u00e9curit\u00e9 et bien rang\u00e9s. Transformez ce sac en bandouli\u00e8re avec des bretelles et dragonnes amovibles pour le personnaliser pour vos looks de jour et de soir\u00e9e.<\/p>\n<p>\u2022 Tissu ext\u00e9rieur\u00a0:\u00a0faux cuir<br \/>\n\u2022 Doublure\u00a0:\u00a0100\u00a0% polyester<br \/>\n\u2022 27,9 x 20,3 x 3,8\u00a0cm (11 x 8 x 1,5\u00a0\u00ab\u00a0)<br \/>\n\u2022 Mat\u00e9riel gris fonc\u00e9<br \/>\n\u2022 Fermeture \u00e0 glissi\u00e8re<br \/>\n\u2022 Poches int\u00e9rieures \u00e0 glissi\u00e8re<br \/>\n\u2022 Bretelles et dragonnes r\u00e9glables et amovibles<br \/>\n\u2022 Longueur de la bretelle\u00a0: de 14 \u00e0 27\u00a0\u00ab\u00a0<\/p>\n","protected":false},"excerpt":{"rendered":"<p>Conservez votre style et ayez les mains libres avec notre sac en bandouli\u00e8re polyvalent. Il est fabriqu\u00e9 en faux cuir premium et les pi\u00e8ces de mat\u00e9riel sont gris fonc\u00e9. Gr\u00e2ce \u00e0 la fermeture \u00e0 glissi\u00e8re et \u00e0 de multiples poches int\u00e9rieures, vous pouvez garder vos essentiels en s\u00e9curit\u00e9 et bien rang\u00e9s. Transformez ce sac en [&hellip;]<\/p>\n","protected":false},"featured_media":7347,"comment_status":"open","ping_status":"closed","template":"","meta":[],"product_brand":[],"product_cat":[83],"product_tag":[],"class_list":{"0":"post-7344","1":"product","2":"type-product","3":"status-publish","4":"has-post-thumbnail","6":"product_cat-luxe","8":"first","9":"instock","10":"taxable","11":"shipping-taxable","12":"purchasable","13":"product-type-simple"},"_links":{"self":[{"href":"https:\/\/laboutiquemcg.com\/index.php\/wp-json\/wp\/v2\/product\/7344","targetHints":{"allow":["GET"]}}],"collection":[{"href":"https:\/\/laboutiquemcg.com\/index.php\/wp-json\/wp\/v2\/product"}],"about":[{"href":"https:\/\/laboutiquemcg.com\/index.php\/wp-json\/wp\/v2\/types\/product"}],"replies":[{"embeddable":true,"href":"https:\/\/laboutiquemcg.com\/index.php\/wp-json\/wp\/v2\/comments?post=7344"}],"version-history":[{"count":4,"href":"https:\/\/laboutiquemcg.com\/index.php\/wp-json\/wp\/v2\/product\/7344\/revisions"}],"predecessor-version":[{"id":7554,"href":"https:\/\/laboutiquemcg.com\/index.php\/wp-json\/wp\/v2\/product\/7344\/revisions\/7554"}],"wp:featuredmedia":[{"embeddable":true,"href":"https:\/\/laboutiquemcg.com\/index.php\/wp-json\/wp\/v2\/media\/7347"}],"wp:attachment":[{"href":"https:\/\/laboutiquemcg.com\/index.php\/wp-json\/wp\/v2\/media?parent=7344"}],"wp:term":[{"taxonomy":"product_brand","embeddable":true,"href":"https:\/\/laboutiquemcg.com\/index.php\/wp-json\/wp\/v2\/product_brand?post=7344"},{"taxonomy":"product_cat","embeddable":true,"href":"https:\/\/laboutiquemcg.com\/index.php\/wp-json\/wp\/v2\/product_cat?post=7344"},{"taxonomy":"product_tag","embeddable":true,"href":"https:\/\/laboutiquemcg.com\/index.php\/wp-json\/wp\/v2\/product_tag?post=7344"}],"curies":[{"name":"wp","href":"https:\/\/api.w.org\/{rel}","templated":true}]}}